se 14
-37b283
What is -1a4ef0 (base 16) in base 11?
-a78414
What is -47207ba (base 12) in base 14?
-1b750aa
-90c34 (base 16) to base 4
-2100300310
17b6a7 (base 14) to base 7
10060600
2330412311 (base 5) to base 16
514484
What is -1452b3 (base 13) in base 7?
-4136666
-315520 (base 8) to base 9
-170385
-f3dcc (base 16) to base 13
-28c855
Convert -1284605 (base 9) to base 15.
-de03e
203400035 (base 7) to base 15
10b0a38
What is -303130132002 (base 4) in base 9?
-27334223
What is -625242 (base 12) in base 10?
-1543442
What is 1b5209 (base 15) in base 8?
5054520
What is 16303c7 (base 13) in base 14?
d3c53a
1297775 (base 10) to base 8
4746557
Convert 1bb05 (base 16) to base 8.
335405
What is -4250335 (base 7) in base 9?
-866314
Convert 117884b (base 12) to base 15.
470dd8
Convert 10656330 (base 7) to base 11.
591218
Convert 101231131 (base 4) to base 3.
10200111201
What is 10011010111111000110 (base 2) in base 16?
9afc6
What is 213211123302 (base 4) in base 13?
21c4308
101400 (base 11) to base 9
267362
What is -61600 (base 8) in base 5?
-1303342
What is 175270 (base 11) in base 3?
111202001222
What is -113426516 (base 7) in base 13?
-15b8385
Convert -b979 (base 13) to base 15.
-7993
What is -93268 (base 11) in base 4?
-201032032
Convert 1111101100111101010 (base 2) to base 6.
15010042
What is -124400 (base 9) in base 7?
-432600
Convert -52044 (base 6) to base 2.
-1101100011100
48150 (base 11) to base 4
100330030
1b75c (base 13) to base 14
15964
Convert -26b8ba (base 13) to base 9.
-1681826
3823a (base 14) to base 12
677a4
Convert 4235595 (base 10) to base 9.
7865126
24471 (base 11) to base 9
53215
-88a04 (base 16) to base 3
-1001102122200
-1811632 (base 11) to base 7
-35102656
-6b686 (base 14) to base 6
-5340502
What is -1147573 (base 9) in base 2?
-10010111111011100100
2120202200 (base 3) to base 10
50859
Convert -10110011100111011101 (base 2) to base 16.
-b39dd
Convert -202021121202 (base 3) to base 12.
-17303b
10010010100010 (base 2) to base 4
2102202
487894 (base 12) to base 8
4366060
What is -28f17 (base 16) in base 6?
-3332223
Convert -112010200021 (base 3) to base 6.
-5544054
-6445244 (base 8) to base 3
-10020112120110
What is -235646 (base 9) in base 5?
-14020304
What is 21001122 (base 4) in base 12?
19476
Convert 4a1636 (base 12) to base 11.
753638
What is 255a5 (base 11) in base 3?
1212021200
What is -3103343422 (base 5) in base 11?
-361a250
What is -844126 (base 9) in base 2?
-1111010011110011001
Convert 142077 (base 9) to base 8.
251445
-35342615 (base 7) to base 13
-8530b8
1024244320 (base 5) to base 13
5b4a75
What is 153513245 (base 7) in base 11?
591095a
-42d98 (base 14) to base 7
-1242551
Convert -2a9b7b (base 12) to base 3.
-1100200202012
-684361 (base 10) to base 8
-2470511
34784 (base 16) to base 5
23334131
Convert 388189 (base 15) to base 6.
134032303
What is 10a6a0 (base 13) in base 10?
394407
-2333044 (base 5) to base 7
-236033
What is 27533 (base 9) in base 4?
10203210
What is -47578 (base 12) in base 9?
-155432
-1573719 (base 10) to base 2
-110000000001101010111
What is 323310200 (base 4) in base 7?
2040233
230301030 (base 4) to base 3
100022112120
Convert -3b634b (base 12) to base 5.
-223013301
Convert 5506361 (base 8) to base 6.
51402001
What is 144aa2 (base 11) in base 13?
7bca9
What is 510520033 (base 6) in base 9?
17358823
193566 (base 10) to base 7
1434222
What is 8668741 (base 9) in base 4?
101233221220
What is -20157 (base 12) in base 16?
-a2d3
What is dab6c9 (base 14) in base 11?
41aa329
Convert 7755007 (base 8) to base 9.
3831367
Convert -13430334 (base 5) to base 7.
-1120421
165617 (base 9) to base 6
2110454
10220000102010 (base 3) to base 2
111111000101001000111
What is -12946 (base 13) in base 6?
-423514
What is -213002103 (base 4) in base 16?
-27093
What is -10505010 (base 7) in base 2?
-11011101111111110100
What is -320030210312 (base 4) in base 14?
-1d56914
Convert -1224 (base 11) to base 5.
-22344
2573c93 (base 13) to base 8
54550135
Convert 5783237 (base 10) to base 14.
aa7845
What is 4312224 (base 8) in base 9?
2145404
What is -3122607 (base 11) in base 12?
-1a178a3
Convert 11110110000011101 (base 2) to base 3.
20101210222
Convert -301030214 (base 5) to base 8.
-4423072
Convert 21595a (base 13) to base 15.
107338
What is -275619 (base 10) in base 14?
-72631
Convert 32101230030 (base 4) to base 8.
16215414
470458 (base 9) to base 14
74d48
What is 321337 (base 8) in base 10?
107231
Convert 133100 (base 9) to base 14.
2173a
Convert 12b26e (base 15) to base 4.
3123110000
Convert -100000212 (base 3) to base 11.
-4a46
What is -1154c (base 15) in base 16?
-d79d
1885f (base 16) to base 10
100447
What is -2243104340 (base 5) in base 13?
-107ab24
Convert -1000011101100011001010 (base 2) to base 14.
-41a53c
-54453 (base 10) to base 16
-d4b5
Convert -42cbd (base 14) to base 15.
-32d81
What is -14eba8 (base 15) in base 16?
-f702e
Convert b25a0 (base 13) to base 10.
319540
-17276a (base 12) to base 16
-614c2
What is 3542530 (base 7) in base 6?
13331534
Convert -5664013 (base 7) to base 3.
-1022210220111
-125420634 (base 7) to base 13
-1898421
Convert -20102001 (base 4) to base 16.
-8481
204121132 (base 5) to base 7
10132104
What is 108592 (base 11) in base 8?
520565
-202611 (base 12) to base 10
-501997
What is -745471 (base 13) in base 9?
-5113051
Convert -2774a6 (base 12) to base 14.
-130cd8
33311310330 (base 4) to base 13
b251a7
Convert -d80d (base 14) to base 9.
-56082
What is -7938866 (base 10) in base 16?
-792332
Convert -4a161 (base 14) to base 13.
-64739
-1008806 (base 10) to base 15
-14dd8b
Convert 27aa3 (base 14) to base 8.
277537
What is -6bd9 (base 14) in base 6?
-223031
3603091 (base 10) to base 14
69b119
Convert 16b58a (base 12) to base 9.
658177
-97027 (base 11) to base 12
-697b7
-100221110 (base 4) to base 6
-1243352
Convert 3b6c48 (base 13) to base 16.
1605f8
-31115742 (base 8) to base 11
-37a3887
111413402 (base 5) to base 13
14587c
Convert -4702327 (base 8) to base 4.
-10320103113
Convert 10222211122212 (base 3) to base 9.
3884585
1323023311 (base 4) to base 13
148879
-33320201212 (base 4) to base 6
-225124154
What is 3b1ec (base 15) in base 3?
100121212120
Convert 5601776 (base 8) to base 14.
2b3994
1010111100011100100 (base 2) to base 14
949a4
83338 (base 13) to base 11
151042
-839906 (base 10) to base 3
-1120200010122
Convert 103ff (base 16) to base 2.
10000001111111111
Convert 8485 (base 10) to base 11.
6414
Convert 13c751b (base 13) to base 10.
6299668
What is 1221 (base 13) in base 3?
10111220
Convert 1101010111011101111011 (base 2) to base 14.
672d75
-4a76 (base 12) to base 3
-102120200
20002112 (base 8) to base 16
40044a
What is -13323203 (base 5) in base 11?
-93245
What is -2066a (base 12) in base 10?
-42418
64144 (base 13) to base 12
88477
1000100110101100 (base 2) to base 11
24530
Convert -30ca24 (base 16) to base 5.
-1304304401
54550400 (base 8) to base 2
101100101101000100000000
What is 7ab254 (base 13) in base 10?
2909235
Convert 393757 (base 10) to base 5.
100100012
Convert d33c (base 14) to base 16.
8dda
-d4f2 (base 16) to base 3
-2202210001
What is -f084 (base 16) in base 2?
-1111000010000100
-1287747 (base 11) to base 7
-24610144
-17dd892 (base 14) to base 5
-11012043310
21200024 (base 5) to base 8
533733
Convert -696917 (base 12) to base 13.
-472a8c
100010100001110000110 (base 2) to base 12
4668b2
What is 1e3ce9 (base 15) in base 12?
5b51a9
3122421412 (base 5) to base 10
6451482
6035725 (base 9) to base 11
18a4713
7bc7 (base 15) to base 8
63257
Convert 26a27b (base 13) to base 5.
214430422
Convert -20102133301 (base 4) to base 2.
-1000010010011111110001
Convert 82533 (base 9) to base 13.
1b9a2
-10100100101010100 (base 2) to base 16
-14954
-4265012 (base 9) to base 4
-20232110210
What is 2621651 (base 7) in base 8?
1233157
807ca (base 15) to base 13
1131b8
What is -2021102002 (base 3) in base 2?
-1010111011100000
Convert 266a7 (base 16) to base 2.
100110011010100111
Convert -110110001001110011100 (base 2) to base 4.
-12301032130
What is 85474 (base 14) in base 6?
10522234
-110020101010 (base 3) to base 2
-111010110011001011
2877471 (base 11) to base 8
22670030
-1000001010110011 (base 2) to base 7
-166356
Convert 2010120202001 (base 3) to base 15.
175c57
Convert 12001022201011 (bas